4*b + 125. Let u = b + z. What is the units digit of u?
4
Let l(r) = -67*r - 110. What is the tens digit of l(-18)?
9
Let c(b) = 14*b - 1. Let v(r) = -r + 1. Let d(q) = -c(q) - v(q). What is the units digit of d(-3)?
9
Let l(z) = 2*z + 19 + 3 + 2 + 6. Let u = -32 + 46. What is the tens digit of l(u)?
5
Suppose 5*g - 3*b = 72, -27 = -3*g - 2*b + 1. Suppose -197 = -g*x + 1783. What is the hundreds digit of x?
1
Suppose 0 = -4*a - 4*g + 7160, -5*g = -9*g - 8. What is the hundreds digit of a?
7
Suppose 4*v - 15771 = -p, 0 = -v - 66*p + 65*p + 3942. What is the units digit of v?
3
Let t(z) = 2*z - 11. Let h be t(9). Let s(a) = a**3 - 4*a**2 - 12*a + 11. What is the units digit of s(h)?
4
Suppose 19833 = 11*f + 858. What is the units digit of f?
5
Let w(f) = -56*f**3 + 5*f**2 + 116*f**3 + 1 - 59*f**3 - f. What is the units digit of w(-4)?
1
Let r be (1 + 48/(-20))*-5. Let x = 19 + r. What is the tens digit of 2 - (3 + -4 - x)?
2
Let t be ((-4)/3)/(4/(-3)) + 1. Suppose t*i = 15 + 31. What is the tens digit of i?
2
Suppose 0 = 8*w + 55 - 2863. What is the tens digit of w?
5
Let n be (2 + -1 + (-2 - 1))*-1. Suppose 0 = -4*r - 2*t + 246, 0*t + 129 = n*r - t. What is the tens digit of r?
6
Let t(d) = 3*d**3 - 5*d**2 + 4*d - 3. Let k = -19 - -22. What is the tens digit of t(k)?
4
Suppose 3*x = -2*a + 332, 2*a - 182 = -4*x + 262. Suppose d - x = 2*g, -3*d + 347 = -g + 36. What is the tens digit of d?
0
Let x = 28 - 17. Let m = -5 + x. Suppose -m*k = -289 - 17. What is the units digit of k?
1
What is the units digit of (0 - -2)/((-7)/2667*-6)?
7
Suppose 0 = -4*d + 4, -6*b = -b + 3*d + 297. Suppose -5*m = -2*m + 261. Let k = b - m. What is the tens digit of k?
2
Let g = 122 - 118. What is the units digit of g?
4
Let o = -195 + 346. What is the hundreds digit of o?
1
Let r = -2047 - -3355. Suppose 0 = -4*a - 404 + r. What is the units digit of a?
6
Suppose -3*k + 2 = -2*g, 4*k = -g + 3 - 4. What is the units digit of (39 - (k + -3)) + -2 + 4?
4
Suppose -12*o = -16*o + 1888. What is the tens digit of o?
7
Let c be 8*2/4*-6. Let f be 2/5 + c/60. Suppose 4*s - 8*s + 92 = f. What is the units digit of s?
3
Suppose 4*h - 3*r = 2*r - 5, 5*r = 5*h. Suppose -116 = -4*l - t + 62, -h*l = 3*t - 219. What is the units digit of 4 + l/(2 + 1)?
9
Let o(j) = j**2 + 6*j + 2. Let i be o(-6). Suppose 0 = -4*w + w + 27. Let n = w + i. What is the tens digit of n?
1
Let z = 35 + -100. What is the tens digit of z/(-10)*-1*-6?
3
Let v(h) = -h**2 + 17*h - 10. Let f(r) = 2*r**2 - 35*r + 21. Let b(z) = -4*f(z) - 9*v(z). Let d be b(7). Let a = -6 - d. What is the tens digit of a?
3
Let t(y) = y**2 - y + 1. Let j(c) = c**3 - 25*c**2 + 25*c + 16. Let p(f) = -j(f) - 6*t(f). Let x be p(18). Let k = x + 45. What is the units digit of k?
5
Let y(g) = g**3 - 10*g**2 + g + 4. Let n(j) = j**3 - 9*j**2 + 4. Let v(t) = 6*n(t) - 5*y(t). Suppose -5*r + 10 = -3*r. What is the units digit of v(r)?
4
Let r be (-3)/((4*(-5)/(-20))/(-1)). Suppose -r*j + 1035 = 180. What is the hundreds digit of j?
2
Let m = -1112 + 756. Let s = -240 - m. What is the hundreds digit of s?
1
Suppose -r + 1365 = 4*o, -4*r + 2*o = -r - 4151. What is the thousands digit of r?
1
Let i(l) = 5*l**2 + 44*l. What is the units digit of i(-9)?
9
Let d = -119 - -2115. What is the thousands digit of d?
1
Let j = -41 - -71. Suppose 2*i + i = 9. Suppose -i*x + 12 = -j. What is the tens digit of x?
1
Suppose -3*x - 3*u - 2884 = -5*x, -5*u + 1416 = x. What is the thousands digit of x?
1
Let s be (282/(-4))/1 - (-3)/6. Let z = s - -107. What is the units digit of z?
7
Suppose 3*c - 7225 = 2*m, 4*m - 6026 = -3*c + 1223. What is the hundreds digit of c?
4
Let i be ((-3)/9)/((-2)/54). Suppose 0 = i*r - 6*r - 525. What is the hundreds digit of r?
1
Suppose 26*p - 64 = 40. Suppose 3*q - 8 = q. Suppose 5*m = -q*t - 0*m + 46, t = -p*m + 6. What is the units digit of t?
4
Let x = -325 + 552. Let l = x + -101. What is the units digit of l?
6
Let f(p) = -p**3 + p**2 + 4*p + 3. Let y be f(-2). Let g = -5 + y. Suppose -g*w + 2*b + 26 = 0, -4*w = -0*b - 2*b - 62. What is the tens digit of w?
1
What is the tens digit of 63 + -5 + (-3 - 1)?
5
Suppose 2*n - 9*j + 12*j = 5026, n = -4*j + 2518. What is the tens digit of n?
1
Let o(j) = -j**3 + 12*j**2 - 7*j - 10. Let r be ((-140)/25)/((-3)/15). Let q = r + -17. What is the tens digit of o(q)?
3
Let z be (-10)/(-35) - (-956)/(-14). Let c = z + 129. What is the units digit of c?
1
Suppose -16402 = -17*v + 3760. What is the tens digit of v?
8
Suppose 0 = -3*a - 5*g + 10*g + 8158, -6*a - g + 16360 = 0. What is the hundreds digit of a?
7
Let n be 6 + 1074/18 - (-2)/6. Suppose n = b - 90. What is the units digit of b?
6
Let t(b) = -b**3 - 5*b**2 + 5. Let n be t(-4). Let w = -12 + n. Let q = 48 + w. What is the units digit of q?
5
Suppose 3116 = 4*o + 4*c, 2*o - 7*o = -3*c - 3919. Suppose -o = -18*s + 766. What is the tens digit of s?
8
What is the tens digit of (397320/(-65))/(-4) - 4/26?
2
What is the tens digit of (-1783)/(-3) + 96/(-72)?
9
Let d be (20/15)/(2/3). Suppose -2*z + r = 4*r - 25, 4*r = d*z + 10. Suppose -z*o - 25 = -205. What is the tens digit of o?
3
Let p(k) = -k**3 - k**2 + k + 1. Let v be p(-2). Let h(s) be the third derivative of s**5/60 + s**4/12 + s**3/2 - 15*s**2. What is the tens digit of h(v)?
1
Suppose 4*s + 5*h - 9 = 0, s - 4 = -h - 2. Let f = s + 60. What is the tens digit of f?
6
Let x = -953 - -4176. What is the hundreds digit of x?
2
What is the tens digit of (4692/(-60))/((-2)/10)?
9
What is the tens digit of (-6 + 241)*7/5?
2
Let c = -5 - -7. Let u = 3 + c. Suppose -4*g - u*n + 0*n = -68, 68 = 4*g - 3*n. What is the tens digit of g?
1
Suppose 4*q + 332 = 5*j - 141, 1 = j. Let i = q + 175. What is the tens digit of i?
5
Let y be -36*(25/(-20) - 4). Suppose 495 = 3*c + 3*d, c + d - 6*d = y. What is the hundreds digit of c?
1
Suppose 0 = -6*y + 12046 + 8090. What is the thousands digit of y?
3
Let h = 17 - 12. Suppose 0 = 9*i - 272 - 376. Suppose 0 = 9*m - h*m - i. What is the units digit of m?
8
Let g(h) = h**3 + 16*h**2 + 16*h - 3. What is the hundreds digit of g(-14)?
1
Let f(c) = 6*c**2 - 2*c - 4. Let m be f(-4). Suppose 3*b = b + m. What is the tens digit of b?
5
Suppose 103 = 3*q + h, 3*q - 7*q - 2*h + 140 = 0. Let o = -31 + q. Suppose -25 = o*l - 145. What is the units digit of l?
0
Let f(h) = -103*h + 48. What is the units digit of f(-12)?
4
Let v(a) = -a**3 + 7*a**2 - 8. Suppose -3*g = 2*c - 5 - 7, -30 = -5*c + 2*g. What is the units digit of v(c)?
8
Let b be (-26)/(5 + -7) + -3. Suppose b*d - 526 = 784. What is the hundreds digit of d?
1
Let d(v) = -v**2 - 9*v + 6. Let q be d(-7). What is the tens digit of -1*4 - (3 - q)?
1
Let f = 85 + 139. What is the hundreds digit of f?
2
Let k(g) = g**2 - 5*g - 36. Let t be k(9). Suppose t = -2*i + 334 - 18. What is the units digit of i?
8
Let p(c) be the third derivative of c**5/60 - c**4/12 - c**3/6 + 16*c**2. Suppose -6 = -5*r + 14. What is the units digit of p(r)?
7
Let o(u) be the third derivative of 0 - 4*u**2 + 1/30*u**5 + 0*u - 1/8*u**4 + 1/2*u**3. What is the tens digit of o(-3)?
3
Let j(r) = r**2 + 13*r - 24. Let i be j(8). Let y = i + -56. What is the units digit of y?
8
Let z be (2/(-2))/(3 - 4). Let u(p) be the third derivative of 17*p**5/60 + p**4/12 - p**3/3 - 2*p**2. What is the units digit of u(z)?
7
Suppose 2*o = -o - 3*u + 72, -u = 0. Suppose 4*s + 54 = p, 6*s - s + 2*p = -74. Let f = o + s. What is the units digit of f?
0
Let m(p) = -28*p + 1. Let i be m(-3). Suppose -a + 35 = -i. What is the tens digit of a?
2
Suppose -a - 2 = -3*p - 12, -2*a = -5*p - 18. Suppose -34 = -a*b - s + 120, -4*s - 86 = -2*b. What is the tens digit of b?
3
Let v = -27 + 18. Let g(k) = 2*k**2 + 14*k + 5. What is the tens digit of g(v)?
4
Suppose 5*n - x = 8*n - 5938, 4*n - 7918 = -2*x. What is the units digit of n?
9
Suppose 11463 = 24*n - 2913. What is the hundreds digit of n?
5
Let c(u) = 4*u**2 - 3 + u + 2 - 4*u + 0. Let f be c(3). What is the units digit of 2/(-16)*f*-4?
3
Let b be -1 + 4/(-1) + 3. What is the units digit of 15/6*(-485)/25*b?
7
Suppose 0 = -d - 12 - 0. Let l be (-78)/8 - (-3)/d. Let x(s) = -s**3 - 11*s**2 - 12*s + 12. What is the units digit of x(l)?
2
Suppose -4*n = -2*n - 5*o - 626, 4*n - 2*o = 1268. Suppose -2*